{"id":272,"date":"2019-11-18T14:22:02","date_gmt":"2019-11-18T14:22:02","guid":{"rendered":"http:\/\/neu2019.bv-graefrath.de\/?page_id=272"},"modified":"2019-11-18T14:22:02","modified_gmt":"2019-11-18T14:22:02","slug":"satzung","status":"publish","type":"page","link":"https:\/\/bv-graefrath.de\/?page_id=272","title":{"rendered":"Satzung"},"content":{"rendered":"\n<p>&#8230;Du m\u00f6chtest die Satzung des BV Gr\u00e4frath e.V. lesen? Dann einfach auf den roten Button dr\u00fccken:<\/p>\n\n\n\n<div class=\"wp-block-button aligncenter is-style-default\"><a class=\"wp-block-button__link has-text-color has-white-color has-background\" href=\"http:\/\/bv-graefrath.de\/wp-content\/uploads\/2020\/12\/Satzungs\u00e4nderung-BVG_2017_mit-\u00c4nderungUWE.pdf\" style=\"background-color:#c90909\">Satzung Ballspiel-Verein Gr\u00e4frath e.V.<\/a><\/div>\n","protected":false},"excerpt":{"rendered":"<p>&#8230;Du m\u00f6chtest die Satzung des BV Gr\u00e4frath e.V. lesen? Dann einfach auf den roten Button dr\u00fccken:<\/p>\n","protected":false},"author":1,"featured_media":0,"parent":0,"menu_order":0,"comment_status":"closed","ping_status":"closed","template":"","meta":{"footnotes":""},"class_list":["post-272","page","type-page","status-publish","hentry"],"_links":{"self":[{"href":"https:\/\/bv-graefrath.de\/index.php?rest_route=\/wp\/v2\/pages\/272","targetHints":{"allow":["GET"]}}],"collection":[{"href":"https:\/\/bv-graefrath.de\/index.php?rest_route=\/wp\/v2\/pages"}],"about":[{"href":"https:\/\/bv-graefrath.de\/index.php?rest_route=\/wp\/v2\/types\/page"}],"author":[{"embeddable":true,"href":"https:\/\/bv-graefrath.de\/index.php?rest_route=\/wp\/v2\/users\/1"}],"replies":[{"embeddable":true,"href":"https:\/\/bv-graefrath.de\/index.php?rest_route=%2Fwp%2Fv2%2Fcomments&post=272"}],"version-history":[{"count":0,"href":"https:\/\/bv-graefrath.de\/index.php?rest_route=\/wp\/v2\/pages\/272\/revisions"}],"wp:attachment":[{"href":"https:\/\/bv-graefrath.de\/index.php?rest_route=%2Fwp%2Fv2%2Fmedia&parent=272"}],"curies":[{"name":"wp","href":"https:\/\/api.w.org\/{rel}","templated":true}]}}